e z(o).
-1
Let h = 150 - 148. Suppose -124 = -3*o + 32. Let b be 208/o - 2*1/h. Let s(d) = -d**3 + 3*d**2 - 2. Determine s(b).
-2
Let r be 1 - -13 - (-87 - -96). Let q be 1*(-3 + 2) + 3. Let k(n) = -5 - 3*n + q - n**3 - 4*n**2 + 2*n**3. Give k(r).
7
Suppose 0 = -20*n + 10*n. Suppose n = -2*v - 5*t - 17, 11*v - t - 13 = 9*v. Let d(p) = -p**2 + p - 3. Calculate d(v).
-15
Let x(i) = 269*i - 2*i**3 - 782*i + 271*i + 6*i**2 + i**3 + 16 + 258*i. Give x(8).
16
Let w(z) = -157*z - 12863. Let t be w(-82). Let s(m) be the second derivative of -m**5/20 + 11*m**4/12 + 5*m**2/2 + m. What is s(t)?
5
Suppose 0 = -89*g + 68*g + 420. Let x(p) = p - 21. Give x(g).
-1
Let d(f) = 2*f**3 - 51*f**2 - 25*f - 21. Let y be d(26). Let q(u) = u**3 - 6*u**2 + 14*u - 45. Give q(y).
0
Suppose 2*n - 4*r = 42, r = -4*n + 6 + 42. Let d(u) = 7*u + 12*u**3 - n*u**3 + 0*u**3 + 4*u**2 + 2. Give d(5).
12
Let t(a) = -227*a - 4 - 241*a + 474*a. Give t(2).
8
Let r(z) be the first derivative of 13*z**2/2 + 318*z - 3277. What is r(-23)?
19
Let u(p) be the second derivative of 2*p + 32 + 1/6*p**3 - 3/2*p**2. Determine u(4).
1
Let m(n) be the second derivative of n**3/2 + 9*n**2/2 + 10*n. Suppose 4*j - 2*h = -10, 0 = -3*j - 2*h + 2 - 20. Calculate m(j).
-3
Let a(u) be the first derivative of -u**4/4 + 7*u**3/3 - 5*u**2/2 - 21*u - 2565. Give a(5).
4
Suppose -4*t = y - 4, y - 2*t = 2*y. Let z be 1/y + 21/4. Let q(p) = -p**2 - 5*p - 121377 + 2*p**2 + 121375. Determine q(z).
-2
Suppose -2*n + 6 = -5*i, 3*n - 13 - 13 = -i. Let b(k) = -8662*k - 8691*k + 17354*k. What is b(n)?
8
Let n(g) be the first derivative of -g**2 - 120 - 4/3*g**3 + 1/4*g**4 - 5*g. Calculate n(4).
-13
Let h(c) = 2*c - 3*c + 13 + 24 - 11 - c. Determine h(15).
-4
Let m(y) = -2*y - 8. Let j be m(-6). Let i(g) = -g**3 + 3*g**2 + 2*g - 7. Let u be i(j). Let o = u + 15. Let x(q) = q + 11. What is x(o)?
11
Let x(h) = h**2 - 6*h + 3. Let a = -2 + 5. Let n(t) = -5*t + 34 - 98 + 37 + 2*t + 14*t. Let s be n(a). Give x(s).
3
Suppose -161 = -0*n + 14*n - 91. Let m(z) = 2*z**3 + 7*z**2 + 6*z - 2. Give m(n).
-107
Let u(d) be the first derivative of -1/3*d**3 + 9*d + 3*d**2 - 22. What is u(7)?
2
Let u(b) be the third derivative of b**5/60 + b**4/4 - b**3/6 - 34*b**2. Suppose 11*i - 6*i = -25. What is u(i)?
-6
Let x be -176 - -186 - (-14)/(-2). Let b(s) be the first derivative of s**3 - 3*s**2/2 + 4*s - 3. Calculate b(x).
22
Let k(j) = -j - 8. Let u(l) = 7*l - 89. Let r(t) = -k(t) - u(t). Give r(18).
-11
Let y be (4 + -4)*50/(-1100). Let f = -4 + 12. Let v(u) = 2*u + f + 1 - 3*u. What is v(y)?
9
Suppose 4*i - 5*z + 275 = 0, 2*i - 2*z + 3*z + 127 = 0. Let q = i - -72. Let a(p) = p**2 - 6*p - 11. Determine a(q).
-4
Suppose -4*a = -4*u + 40, -13*u = -11*u. Let c(n) = -5 + n**2 - 46*n + 20*n + 16*n + 20*n. Give c(a).
-5
Let w(f) = f**2 - f - 5. Let p be (24/84)/(1/7). Let b be (-4 - -6)/(p/3). Suppose 2*x - b*x = -2*x. Give w(x).
-5
Let z be 2/5 + (-19)/38 + (-82)/(-20). Let d(f) be the first derivative of 1/3*f**3 + 6*f + z*f**2 + 5. What is d(-6)?
-6
Suppose 33*n + 319 - 489 = -302. Let v(j) = -j**2 - 3*j + 3. Give v(n).
-1
Let z(c) be the second derivative of -4*c**3/3 + 3*c**2/2 - c. Let m be 17/((-119)/(-18))*7/3. Suppose -4*k + 3*h + 8 = 0, 0 = 3*k + 44*h - 48*h - m. Give z(k).
-13
Suppose 0 = q - 3, 8*q - 3*q = 2*a + 17. Suppose 49*u - 53*u + 76 = 0. Let b(w) = 17 - 37 + u + 16*w. Determine b(a).
-17
Let i(z) be the second derivative of 0*z**3 + 0*z**2 - 1/3*z**4 - 10 + 4*z. Calculate i(-2).
-16
Let l(f) = -3*f + 4. Let z(n) = -36*n - 26*n - 3 - 23*n + 88*n. Let a(o) = -4*l(o) - 5*z(o). Determine a(-6).
17
Let g(k) = 2*k**2 - 5*k - 32. Let h(d) = 5*d**2 - 12*d - 65. Let b(v) = -7*g(v) + 3*h(v). Give b(-6).
71
Let t(v) = v**3 - 2*v**2 + 2. Let y be (4 - -4)/(4/(-14)). Let h be (66/77)/((-2)/y). Let s be ((-6)/(-12))/(3/h). Calculate t(s).
2
Let r(o) = -o**3 + 5*o**2 + 14*o - 18. Let l be -6 + 1/8 + (-2775)/(-200). Determine r(l).
-98
Let r(i) = 31*i**2 + 2*i - 1. Suppose 2*z + 1 = b - 12, -3*b + z = -64. Suppose 0 = -39*c + b*c + 16. Determine r(c).
32
Let q(j) = 2*j - 13. Let p be q(6). Suppose 2*a + 3*u + 211 = 605, 2 = u. Let t(x) = x + a*x**2 + 4 + 0 - 3 - 204*x**2. Give t(p).
-10
Let v(q) = 48*q**2 - 2*q + 2. Let s(d) = -29*d**2 + d - 1. Let n(j) = -5*s(j) - 3*v(j). Determine n(4).
19
Let w(k) = 7*k + 3063. Let m(u) = 4*u + 1312. Let l(a) = 7*m(a) - 3*w(a). Let s = 22 + -16. Calculate l(s).
37
Let u be ((-28)/(-11 - 3))/(1 - 18/14). Let s(g) = -g**2 + 2*g + 72. Calculate s(u).
9
Let c(g) = -4*g. Let z(s) = -s**2 - 185 - 31*s - 50*s + 113*s - 65*s. Let m be z(-26). Give c(m).
12
Let v(y) = -89*y - 75. Let m(r) = -60*r - 54. Let h(n) = -7*m(n) + 5*v(n). What is h(3)?
-72
Let f(n) = 5*n + 3. Suppose -j + 16 = 2*k, -5*j - 17 = -5*k - 7. Let q(s) = 32*s + 19. Let c(b) = k*q(b) - 39*f(b). Determine c(-3).
6
Let g(t) be the first derivative of t**2/2 + 6*t + 506. Let s = 14 + -17. Let m(r) = -r**2 - 2*r + 3. Let c be m(s). Give g(c).
6
Suppose -3*s - 16 = -7*s. Let j(x) be the third derivative of x**6/120 - x**5/20 - x**4/24 + 5*x**3/6 + 16245*x**2. What is j(s)?
17
Let m(w) = -w**3 + 7*w**2 - w + 3. Let c(q) = -464*q**3 + 10 + 463*q**3 - q + 4*q**2 - 3. Let x be c(0). What is m(x)?
-4
Let o(z) = 2*z**3 + 42*z**2 + 79*z + 57. Let c be o(-19). Let u(n) = 4*n - 1 - 6*n + n**2 + 0*n. Calculate u(c).
-1
Suppose -5*l - 21*l + 88 = -48*l. Let r(u) = -30*u - 118. Give r(l).
2
Let h(u) = u**3 + 5*u**2. Let f(z) = -4*z**3 - 26*z**2 - 22*z + 46. Let t(s) = f(s) + 5*h(s). What is t(-5)?
6
Suppose -3*a + 127 = 106. Let p(r) = r**2 + 4*r - 9. Let j(f) = -f**2 - 5*f + 9. Let s(o) = 5*j(o) + 6*p(o). Determine s(a).
33
Let p(o) = o**3 - 9*o**2 + 5*o + 12. Let h(g) = 4*g**3 - 27*g**2 + 17*g + 37. Let n(l) = 2*h(l) - 7*p(l). Let q = -852 - -843. Give n(q).
-1
Let c(a) be the first derivative of -10*a**3 + a**2/2 + 1033. Give c(-1).
-31
Let p(n) be the second derivative of -3*n**4/4 + n**3/3 - 3*n**2/2 + 6*n + 3. What is p(3)?
-78
Let c(s) be the third derivative of -s**4/24 - s**3/2 - 3*s**2 + 81*s. Let p(v) = -1. Let x = 2 - 1. Let a(n) = x*c(n) - 6*p(n). What is a(-4)?
7
Let n(o) be the second derivative of -o**5/20 - 7*o**4/12 - o**3 - 3*o**2 - 94*o - 5. Determine n(-6).
-6
Suppose 3*i + 41 = 233. Suppose 0*d - 16*d + i = 0. Let z(n) = -n**2 + 7*n. What is z(d)?
12
Let v(w) = w**3 + 2*w**2. Let p be v(-2). Let g(x) = 34 - 72 + 34 + 0*x + 0*x - x. Calculate g(p).
-4
Let o(d) = 2 - 4*d - 59*d**3 - 60*d**3 + 114*d**3 + d. Let v be 5 + 2 - (-3 - -8). Calculate o(v).
-44
Let u(l) = 4957 - 6*l**2 + 4974 - l**2 - 14928 - 71*l + 4977. Calculate u(-10).
-10
Let g be (-6081)/(6/5*(-10)/4). Let d(y) = -y**3 - 4*y**2 + 3. Let o be d(-4). Let i(p) = -g*p**3 - 7*p**2 + 2026*p**o + 2 - 3*p - p. Calculate i(-6).
-10
Let y = 28 - 26. Let z(h) = h - 16*h**2 - 4 - 10*h**y - 9*h**2 + 36*h**2. Give z(0).
-4
Let n(p) = p**2 + 10*p + 10. Suppose -5*d + 51 = 3*t, 19 = -t + 16. Suppose 0 = d*q - 211 + 295. Give n(q).
-11
Let n be (-1)/(-4)*168/6. Let z(j) = j + 6*j + 4 - 3 - 6*j. Calculate z(n).
8
Let q = 6824 - 6821. Let y(z) be the second derivative of 1/6*z**q - 26*z + 0 - 4*z**2. Determine y(0).
-8
Let i(v) = 9*v**2 + 6*v. Suppose 4*s - 4*l = 1 - 9, 4*l = -8. Let m(o) = 7*o**2 + 6*o + 2. Let k(y) = s*m(y) + 3*i(y). Determine k(-4).
0
Let t = -140 + 143. Let z(a) = 3*a**2 - 4 - 328*a**t - 329*a**3 + 658*a**3 - 3*a. Suppose 0 = -4*s - 4*h - 28, h + h = 4*s + 4. Determine z(s).
5
Let a(z) = 20*z - 8. Let c(t) = -447*t - 5362. Let k be c(-12). Calculate a(k).
32
Let r(x) = 14*x - 2. Let s(l) = l**3 - 41*l**2 - 44*l + 86. Let c = 243 + -201. Let m be s(c). Give r(m).
26
Let a(w) be the second derivative of 2*w**2 + 0*w**3 - 2*w + 1/12*w**4 - 53. Calculate a(0).
4
Suppose -11*n + 7*n - 2*n = -48. Let q(g) = 9*g - 9. Calculate q(n).
63
Let o(q) = -520*q**2 + 261*q**2 + 263*q**2 + 63*q + 41. Calculate o(-15).
-4
Let c(v) be the third derivative of -v**9/60480 - v**8/6720 - v**5/60 + v**3 + v**2 - 24. Let x(a) be the third derivative of c(a). What is x(-3)?
0
Suppose -2 = -3*v + 1, 3*k - v + 52 = 0. Let m be 9/(-3)*k + 0. Suppose -16*i = 3 - m. Let n(x) = -x**3 + 2*x**2 + x. What is n(i)?
-6
Suppose -68*c + 72*c + 3*z = 26, 2*z - 9 = -c. Let w(j) = -2*j**3 - j**2 - 3*j - 2. Let